= -2*u - 10. Let n = 6 + w. What is the highest common factor of 8 and n?
8
Let f(c) = 2*c**3 + 2*c**2 + c. Let b be f(-1). Let n(o) = -16*o. Let l be n(b). What is the greatest common factor of l and 48?
16
Let r(a) = a**2 + 8*a + 4. Let h be r(8). Let d be 30*7/(35/(-6)). Let y be 2/(-9) - 440/d. Calculate the greatest common divisor of y and h.
12
Let a(j) = -j + 1. Let u(n) = -2*n + 2. Let b(l) = 5*a(l) - 4*u(l). Let d be b(8). What is the highest common divisor of d and 7?
7
Let m be 2/7 + (-108)/(-14). What is the greatest common factor of 24 and m?
8
Let c = -54 - -56. What is the greatest common divisor of 4 and c?
2
Let v be ((-6)/(-9))/(2/18). Suppose -24 + v = -3*o. Calculate the greatest common divisor of 12 and o.
6
Let w = 91 - 80. Suppose -4*l + 3*g + 2 = -7, 14 = 3*l + 5*g. Let q = -2 + l. What is the highest common factor of q and w?
1
Let z be (-15)/(8 + -3) - -21. What is the greatest common factor of z and 9?
9
Let f(y) be the first derivative of -y**2 - 3*y + 5. Let b be f(-6). Calculate the greatest common factor of b and 9.
9
Let w be 21/1*8/24. Suppose -w*x + 5*x = -24. What is the greatest common divisor of 108 and x?
12
Suppose 4*p - 4 = 4. Suppose -p*a + 3 = 5. Let i = 8 - a. What is the greatest common divisor of 9 and i?
9
Suppose -220 = 4*u - 6*u. What is the greatest common divisor of u and 10?
10
Let o(x) = -x. Let j be o(3). Let m = j + 4. What is the greatest common factor of 1 and m?
1
Let k = -14 - -20. What is the highest common divisor of k and 30?
6
Suppose -187 = -z + 2*f, 0 = -5*f + 7 - 2. What is the highest common divisor of z and 27?
27
Suppose -3*n + 2*n = -3*u + 8, 19 = 5*u + 4*n. Suppose 0 = u*k - 0*k + 6. Let d be (-16)/k - (-6)/(-2). Calculate the greatest common divisor of 5 and d.
5
Let q be 6/(-9) - 106/(-6). Let s = 41 - q. Let a = -5 + 8. What is the greatest common divisor of a and s?
3
Let z be 93/5 - (-6)/(-10). Suppose -2*y + 46 + z = -3*o, 0 = y + 4*o - 32. Let c = y - 2. What is the greatest common factor of 10 and c?
10
Let p = 54 - 9. What is the highest common factor of p and 9?
9
Let o = 29 + -12. Suppose -5*a - 17 = -2*r - r, 5*r = -3*a + o. Suppose r*p + p + 2*w - 436 = 0, -5*p - w = -438. What is the highest common factor of p and 11?
11
Let u = 2 - 1. Let h be ((-6)/8)/(u/(-4)). Suppose z - 2*c = 2*z + 4, 0 = -h*c - 9. Calculate the highest common factor of 2 and z.
2
Suppose 4*k + 4*l - 15 = 3*k, 3*k = 5*l - 40. Let n(c) = c + 6. Let d be n(k). What is the greatest common divisor of d and 10?
1
Let h(t) = -t**3 - 8*t**2 + 10*t + 8. Let d be h(-9). Let r be (-1 + d)*-76 - 0. Calculate the greatest common factor of 19 and r.
19
Let t = 455 + -302. What is the greatest common divisor of 17 and t?
17
Let g = 239 - 99. Calculate the highest common divisor of g and 20.
20
Suppose 4*i = -2*y - 0*y + 18, 0 = -5*i + 5*y - 15. What is the highest common divisor of i and 8?
2
Let b(t) = -t**3 + t - 2. Let d be b(-2). Suppose 0*z + d*z - 365 = -5*s, 5*s - 410 = 5*z. What is the highest common factor of s and 11?
11
Let r(y) = -y**2 + 13*y. Let d be r(13). Let a be d/(-6) + 0 + 10. Calculate the highest common divisor of 5 and a.
5
Suppose -17 = 3*j - 2. Let l(w) = -1 - 6*w - 1 - 14*w. Let q be l(j). Calculate the highest common factor of q and 14.
14
Suppose -4*m + 40 + 8 = 0. What is the highest common factor of 84 and m?
12
Let l(j) = -j**2 + 2*j - 3. Let u(v) = -v**2 + 2*v - 3. Let i(r) = 2*l(r) - 3*u(r). Let c be i(5). Calculate the greatest common factor of c and 18.
18
Let a = -6 - -5. Let b(w) = -40*w**3 + w**2 + w. Let d be b(a). Calculate the highest common divisor of 16 and d.
8
Let t be 2/1*(-25)/(-2). Suppose -5*d - t = -105. Calculate the greatest common factor of 8 and d.
8
Suppose -y = 2*h - 34, 4*y - 190 + 24 = -2*h. Calculate the highest common factor of 66 and y.
22
Let p = 10 - -2. Suppose 0*m - 5*h = 4*m - 2, -4 = 2*h. What is the highest common factor of p and m?
3
Let o be (-1 + (-1 - -3))*0. Suppose 5*m - 6*m + 6 = o. Let y be (-1)/(-3) + 46/m. Calculate the highest common divisor of y and 1.
1
Let w(p) = p**2 - 3*p - 2. Let h be w(9). Suppose 0 = -2*u + 6*u - h. Calculate the highest common factor of 13 and u.
13
Let d be (0 + 5)/(-2*4/(-16)). What is the greatest common factor of 10 and d?
10
Let b = 26 + 10. Suppose k + 0 = 2. Let w = k + 2. What is the highest common factor of w and b?
4
Let g = 15 - -1. Let t be -15*(0 + g/(-20)). Calculate the highest common divisor of 60 and t.
12
Let d be 4/(-18) - 692/(-36). Calculate the highest common divisor of d and 57.
19
Let p(o) = 3*o**2 - o + 8. Let y be p(6). Let j be y/25 + 2/(-5). Let i = 4 + j. Calculate the highest common divisor of i and 2.
2
Suppose -72 + 21 = -3*o. Let x(h) = -4*h - 11. Let a be x(-7). Calculate the highest common divisor of a and o.
17
Suppose 3*h = 6*h + 6. Let f be (84/(-9))/(h/6). Let a = 16 + -9. What is the highest common divisor of a and f?
7
Suppose r + 3*r = 4. Calculate the greatest common factor of r and 2.
1
Let l = -8 - -15. Let c = l - 2. What is the greatest common divisor of c and 35?
5
Let r(i) = -6*i + 46. Let c be r(4). What is the greatest common divisor of 22 and c?
22
Let r = 14 - -4. Let p = 294 - 204. Calculate the highest common divisor of r and p.
18
Let z(q) = q + 22. Let i be z(-12). What is the highest common factor of 50 and i?
10
Let v = -2 - -4. Suppose 3*i + 4 = v*c + 3, -3*i - c = -14. Calculate the highest common factor of i and 9.
3
Let l = 3 - 2. Let f = l - -3. Let h = f - 1. Calculate the highest common factor of h and 15.
3
Let r = -73 + 103. Calculate the highest common factor of r and 6.
6
Let l(h) = -h**3 - 8*h**2 + 4*h - 4. Let n be l(-9). What is the highest common factor of 41 and n?
41
Suppose 0 = -q + 7 + 17. Calculate the greatest common factor of 120 and q.
24
Suppose -2*q - 4*q = 216. Suppose -2*g = -5*s + 355, 0 = -2*s - 0*g - 2*g + 142. Let z = s + q. What is the highest common divisor of z and 5?
5
Let g = 4 + -4. Let r be -4 + 5 - (327 - g). Let b be r/(-10) + (-8)/(-20). What is the highest common factor of b and 3?
3
Let c be (5 + (-90)/27)/((-1)/(-171)). Calculate the greatest common divisor of c and 15.
15
Let n be 1/(1/14) + -2. Let q = -5 + 9. Suppose 2*y = 5*a + 29, -4*y = -0*y - q*a - 52. Calculate the greatest common factor of y and n.
12
Suppose 2*o = o + 2. Let w(x) = -5*x + 2*x**o - 6 - 2*x + 0*x**2 + 0*x. Let a be w(-4). What is the highest common factor of a and 18?
18
Let q be 1*4*52/40*5. What is the greatest common factor of 26 and q?
26
Suppose -5*i + 81 = 3*k - k, -5*i = -4*k + 87. Calculate the highest common divisor of 8 and k.
4
Let q = 203 + -73. Calculate the highest common divisor of 10 and q.
10
Let s(a) = a**2 + 2*a + 1. Let n be s(-8). Suppose -5*o + 4*o + 3 = -w, -3*o + 4*w = -8. Let q = 3 + o. What is the greatest common divisor of q and n?
7
Let g = 0 - -15. Suppose 5*t = -4*h - 21, 0 = -0*t - 3*t - g. Let s = h - -5. What is the greatest common divisor of s and 12?
6
Suppose -i - 3*m + 31 = -4, 3*i = -2*m + 105. What is the greatest common divisor of i and 7?
7
Let p be (-2)/((-1128)/561 - -2). Suppose 4*q = 3*q + 8. Let c = 9 + q. What is the highest common divisor of c and p?
17
Suppose 0 = -3*g - 4*o + 2, -4*o + 5 = 4*g - o. Calculate the highest common divisor of 8 and g.
2
Let o(g) = 3*g - 3*g - 2*g**2 - g**3 + g + 4 - 2*g**2. Let q be o(-6). What is the highest common divisor of 28 and q?
14
Let z(r) = 3*r**2 + r - 5. Let m be z(-5). Suppose 5*p - 179 = -19. Suppose p = 2*a + 3*y, -a - 2*y + 5 = -12. Calculate the greatest common divisor of m and a.
13
Let q be (-2)/(-5) - 656/(-10). Let o be 2/3 + 16/3. What is the greatest common divisor of q and o?
6
Suppose 4*c - 961 + 113 = -4*i, -3*i - 5*c + 628 = 0. Let h = -144 + i. What is the highest common divisor of 48 and h?
24
Let p = -1 - -4. Let y = -556 + 1065. Suppose -p*w - 110 = -y. What is the highest common divisor of w and 19?
19
Let x = 51 - 30. Let q = 116 + -32. What is the highest common factor of x and q?
21
Let f(l) = l**2 - 5*l + 8. Let m be f(5). What is the greatest common factor of m and 72?
8
Let b(h) = 5*h + 52. Let f be b(-10). What is the greatest common factor of f and 2?
2
Let t(m) = -m**2 - 5*m + 9. Let v be t(-6). Calcul